{"id":22,"date":"2014-12-29T14:42:49","date_gmt":"2014-12-29T13:42:49","guid":{"rendered":"http:\/\/abv-visser.nl\/site\/?page_id=22"},"modified":"2019-12-11T09:21:59","modified_gmt":"2019-12-11T08:21:59","slug":"zilvermeeuw-de","status":"publish","type":"page","link":"https:\/\/abv-visser.nl\/site\/zilvermeeuw-de\/?lang=de","title":{"rendered":"Zilvermeeuw"},"content":{"rendered":"\n<div class=\"wp-block-image\"><figure class=\"alignright is-resized\"><img loading=\"lazy\" decoding=\"async\" src=\"https:\/\/abv-visser.nl\/site\/wp-content\/uploads\/type-A2-120.jpg\" alt=\"Plattegrond Zilvermeeuw (ABV Visser)\" class=\"wp-image-19\" width=\"134\" height=\"174\"\/><\/figure><\/div>\n\n\n\n<figure class=\"wp-block-image size-large\"><img loading=\"lazy\" decoding=\"async\" width=\"250\" height=\"171\" src=\"https:\/\/abv-visser.nl\/site\/wp-content\/uploads\/klein-foto-zilvermeeuw-irene-klein.jpg\" alt=\"\" class=\"wp-image-457\"\/><figcaption>Zilvermeeuw<\/figcaption><\/figure>\n\n\n\n<p>Zilvermeeuw ist ein gem\u00fctliche Bungalow mit WiFi, 75 m<sup>2<\/sup> eint. Wohnzimmer, neue K\u00fcche mit Geschirrsp\u00fcler, 2 Schlafzimmer mit Waschtisch (1 Doppelbett und 2&#215;1 Pers.Betten), Badezimmer mit Dusche und Waschtisch, separate Toilette, Flur, Abstellraum und Sonnenterrasse nach S\u00fcden.<\/p>\n\n\n\n<div class=\"wp-block-image\"><figure class=\"alignleft\"><a href=\"https:\/\/abv-visser.nl\/site\/wp-content\/uploads\/bungalows-in-plattegrond.jpg\"><img loading=\"lazy\" decoding=\"async\" width=\"150\" height=\"150\" src=\"https:\/\/abv-visser.nl\/site\/wp-content\/uploads\/bungalows-in-plattegrond-150x150.jpg\" alt=\"\" class=\"wp-image-20\"\/><\/a><\/figure><\/div>\n\n\n\n<p>Adresse: Bonte Pietenpad 124,<br>9162 SE Ballum<\/p>\n\n\n<div aria-live=\"polite\" id=\"soliloquy-container-129_1\" class=\"soliloquy-container soliloquy-transition-fade  soliloquy-theme-base\" style=\"max-width:300px;max-height:200px;\"><ul id=\"soliloquy-129_1\" class=\"soliloquy-slider soliloquy-slides soliloquy-wrap soliloquy-clear\"><li aria-hidden=\"true\" class=\"soliloquy-item soliloquy-item-1 soliloquy-image-slide\" draggable=\"false\" style=\"list-style:none\"><img decoding=\"async\" id=\"soliloquy-image-917\" class=\"soliloquy-image soliloquy-image-1\" src=\"https:\/\/abv-visser.nl\/site\/wp-content\/uploads\/zilvermeeuw-buiten-1-scaled-300x200_c.jpg\" alt=\"zilvermeeuw buiten\" \/><\/li><li aria-hidden=\"true\" class=\"soliloquy-item soliloquy-item-2 soliloquy-image-slide\" draggable=\"false\" style=\"list-style:none\"><img decoding=\"async\" id=\"soliloquy-image-931\" class=\"soliloquy-image soliloquy-image-2\" src=\"https:\/\/abv-visser.nl\/site\/wp-content\/uploads\/zilvermeeuw-woonkamer-itgedeelte-scaled-300x200_c.jpg\" alt=\"zilvermeeuw woonkamer itgedeelte\" \/><\/li><li aria-hidden=\"true\" class=\"soliloquy-item soliloquy-item-3 soliloquy-image-slide\" draggable=\"false\" style=\"list-style:none\"><img decoding=\"async\" id=\"soliloquy-image-935\" class=\"soliloquy-image soliloquy-image-3\" src=\"https:\/\/abv-visser.nl\/site\/wp-content\/uploads\/zilvermeeuw-wwonkamwer-vanuit-badkamer-scaled-300x200_c.jpg\" alt=\"zilvermeeuw wwonkamwer vanuit badkamer\" \/><\/li><li aria-hidden=\"true\" class=\"soliloquy-item soliloquy-item-4 soliloquy-image-slide\" draggable=\"false\" style=\"list-style:none\"><img decoding=\"async\" id=\"soliloquy-image-921\" class=\"soliloquy-image soliloquy-image-4\" src=\"https:\/\/abv-visser.nl\/site\/wp-content\/uploads\/zilvermeeuw-keuken-scaled-300x200_c.jpg\" alt=\"zilvermeeuw keuken\" \/><\/li><li aria-hidden=\"true\" class=\"soliloquy-item soliloquy-item-5 soliloquy-image-slide\" draggable=\"false\" style=\"list-style:none\"><img decoding=\"async\" id=\"soliloquy-image-925\" class=\"soliloquy-image soliloquy-image-5\" src=\"https:\/\/abv-visser.nl\/site\/wp-content\/uploads\/zilvermeeuw-slaapkamer-1-scaled-300x200_c.jpg\" alt=\"zilvermeeuw slaapkamer 1\" \/><\/li><li aria-hidden=\"true\" class=\"soliloquy-item soliloquy-item-6 soliloquy-image-slide\" draggable=\"false\" style=\"list-style:none\"><img decoding=\"async\" id=\"soliloquy-image-923\" class=\"soliloquy-image soliloquy-image-6\" src=\"https:\/\/abv-visser.nl\/site\/wp-content\/uploads\/zilvermeeuw-slaapkamer-1-wastafel-scaled-300x200_c.jpg\" alt=\"zilvermeeuw slaapkamer 1 wastafel\" \/><\/li><li aria-hidden=\"true\" class=\"soliloquy-item soliloquy-item-7 soliloquy-image-slide\" draggable=\"false\" style=\"list-style:none\"><img decoding=\"async\" id=\"soliloquy-image-927\" class=\"soliloquy-image soliloquy-image-7\" src=\"https:\/\/abv-visser.nl\/site\/wp-content\/uploads\/zilvermeeuw-slaapkamer-2-scaled-300x200_c.jpg\" alt=\"zilvermeeuw slaapkamer 2\" \/><\/li><li aria-hidden=\"true\" class=\"soliloquy-item soliloquy-item-8 soliloquy-image-slide\" draggable=\"false\" style=\"list-style:none\"><img decoding=\"async\" id=\"soliloquy-image-913\" class=\"soliloquy-image soliloquy-image-8\" src=\"https:\/\/abv-visser.nl\/site\/wp-content\/uploads\/zilvermeeuw-badkamer-wastafel-scaled-300x200_c.jpg\" alt=\"zilvermeeuw badkamer wastafel\" \/><\/li><li aria-hidden=\"true\" class=\"soliloquy-item soliloquy-item-9 soliloquy-image-slide\" draggable=\"false\" style=\"list-style:none\"><img decoding=\"async\" id=\"soliloquy-image-915\" class=\"soliloquy-image soliloquy-image-9\" src=\"https:\/\/abv-visser.nl\/site\/wp-content\/uploads\/zilvermeeuw-badkamer-scaled-300x200_c.jpg\" alt=\"zilvermeeuw badkamer\" \/><\/li><li aria-hidden=\"true\" class=\"soliloquy-item soliloquy-item-10 soliloquy-image-slide\" draggable=\"false\" style=\"list-style:none\"><img decoding=\"async\" id=\"soliloquy-image-929\" class=\"soliloquy-image soliloquy-image-10\" src=\"https:\/\/abv-visser.nl\/site\/wp-content\/uploads\/zilvermeeuw-toilet-300x200_c.jpg\" alt=\"\" \/><\/li><\/ul><\/div><noscript><style type=\"text\/css\">#soliloquy-container-129_1{opacity:1}<\/style><\/noscript>\n","protected":false},"excerpt":{"rendered":"<p>Zilvermeeuw ist ein gem\u00fctliche Bungalow mit WiFi, 75 m2 eint. Wohnzimmer, neue K\u00fcche mit Geschirrsp\u00fcler, 2 Schlafzimmer mit Waschtisch (1 Doppelbett und 2&#215;1 Pers.Betten), Badezimmer mit Dusche und Waschtisch, separate Toilette, Flur, Abstellraum und Sonnenterrasse nach S\u00fcden. Adresse: Bonte Pietenpad 124,9162 SE Ballum<\/p>\n","protected":false},"author":1,"featured_media":0,"parent":0,"menu_order":10,"comment_status":"closed","ping_status":"closed","template":"","meta":{"footnotes":""},"class_list":["post-22","page","type-page","status-publish","hentry"],"_links":{"self":[{"href":"https:\/\/abv-visser.nl\/site\/wp-json\/wp\/v2\/pages\/22","targetHints":{"allow":["GET"]}}],"collection":[{"href":"https:\/\/abv-visser.nl\/site\/wp-json\/wp\/v2\/pages"}],"about":[{"href":"https:\/\/abv-visser.nl\/site\/wp-json\/wp\/v2\/types\/page"}],"author":[{"embeddable":true,"href":"https:\/\/abv-visser.nl\/site\/wp-json\/wp\/v2\/users\/1"}],"replies":[{"embeddable":true,"href":"https:\/\/abv-visser.nl\/site\/wp-json\/wp\/v2\/comments?post=22"}],"version-history":[{"count":11,"href":"https:\/\/abv-visser.nl\/site\/wp-json\/wp\/v2\/pages\/22\/revisions"}],"predecessor-version":[{"id":496,"href":"https:\/\/abv-visser.nl\/site\/wp-json\/wp\/v2\/pages\/22\/revisions\/496"}],"wp:attachment":[{"href":"https:\/\/abv-visser.nl\/site\/wp-json\/wp\/v2\/media?parent=22"}],"curies":[{"name":"wp","href":"https:\/\/api.w.org\/{rel}","templated":true}]}}